{"id":51,"date":"2016-10-13T12:32:32","date_gmt":"2016-10-13T09:32:32","guid":{"rendered":"http:\/\/www.matk.ee\/?page_id=51"},"modified":"2025-11-06T21:05:41","modified_gmt":"2025-11-06T19:05:41","slug":"kontakt","status":"publish","type":"page","link":"http:\/\/matk.ee\/index.php\/kontakt\/","title":{"rendered":"Kontakt"},"content":{"rendered":"<p><img loading=\"lazy\" decoding=\"async\" class=\"alignnone wp-image-186\" src=\"http:\/\/www.matk.ee\/wp-content\/uploads\/2016\/10\/logo1ori-296x300.jpg\" alt=\"\" width=\"171\" height=\"174\" srcset=\"http:\/\/matk.ee\/wp-content\/uploads\/2016\/10\/logo1ori-296x300.jpg 296w, http:\/\/matk.ee\/wp-content\/uploads\/2016\/10\/logo1ori-768x778.jpg 768w, http:\/\/matk.ee\/wp-content\/uploads\/2016\/10\/logo1ori.jpg 866w\" sizes=\"auto, (max-width: 171px) 100vw, 171px\" \/><\/p>\n<p><strong>Harju Matkaklubi MT\u00dc<\/strong><br \/>reg. nr 80039499<\/p>\n<p>a\/a EE981010002019880005<\/p>\n<p>e-post:\u00a0 info(\u00e4t)matk.ee<br \/>https:\/\/www.facebook.com\/harju.matkaklubi<br \/><br \/><\/p>\n<p><strong>Harju Matkaklubi juhatus<\/strong><\/p>\n<p>Einar Kivisalu- einar.kivisalu(\u00e4t)gmail.com<\/p>\n<p>J\u00fcri K\u00f5iv\u00a0 &#8211; jyrikoiv(\u00e4t)gmail.com<\/p>\n<p>Liia Beljajeva &#8211; liiabeljajeva(\u00e4t)gmail.com<\/p>\n<p>Ainika \u00d6\u00f6pik &#8211; ainika99(\u00e4t)gmail.com<\/p>\n<p>Heli Jarovikov &#8211; heli.jarovikov(\u00e4t)mail.ee<\/p>\n\n\n<p><\/p>\n","protected":false},"excerpt":{"rendered":"<p>Harju Matkaklubi MT\u00dcreg. nr 80039499 a\/a EE981010002019880005 e-post:\u00a0 info(\u00e4t)matk.eehttps:\/\/www.facebook.com\/harju.matkaklubi Harju Matkaklubi juhatus Einar Kivisalu- einar.kivisalu(\u00e4t)gmail.com J\u00fcri K\u00f5iv\u00a0 &#8211; jyrikoiv(\u00e4t)gmail.com Liia Beljajeva &#8211; liiabeljajeva(\u00e4t)gmail.com Ainika \u00d6\u00f6pik &#8211; ainika99(\u00e4t)gmail.com Heli Jarovikov &#8211; heli.jarovikov(\u00e4t)mail.ee<\/p>\n","protected":false},"author":1,"featured_media":0,"parent":0,"menu_order":0,"comment_status":"closed","ping_status":"closed","template":"","meta":{"_uag_custom_page_level_css":"","footnotes":""},"class_list":["post-51","page","type-page","status-publish","hentry"],"uagb_featured_image_src":{"full":false,"thumbnail":false,"medium":false,"medium_large":false,"large":false,"1536x1536":false,"2048x2048":false,"post-thumbnail":false},"uagb_author_info":{"display_name":"harjumatkaklubi","author_link":"http:\/\/matk.ee\/index.php\/author\/harjumatkaklubi\/"},"uagb_comment_info":0,"uagb_excerpt":"Harju Matkaklubi MT\u00dcreg. nr 80039499 a\/a EE981010002019880005 e-post:\u00a0 info(\u00e4t)matk.eehttps:\/\/www.facebook.com\/harju.matkaklubi Harju Matkaklubi juhatus Einar Kivisalu- einar.kivisalu(\u00e4t)gmail.com J\u00fcri K\u00f5iv\u00a0 &#8211; jyrikoiv(\u00e4t)gmail.com Liia Beljajeva &#8211; liiabeljajeva(\u00e4t)gmail.com Ainika \u00d6\u00f6pik &#8211; ainika99(\u00e4t)gmail.com Heli Jarovikov &#8211; heli.jarovikov(\u00e4t)mail.ee","_links":{"self":[{"href":"http:\/\/matk.ee\/index.php\/wp-json\/wp\/v2\/pages\/51","targetHints":{"allow":["GET"]}}],"collection":[{"href":"http:\/\/matk.ee\/index.php\/wp-json\/wp\/v2\/pages"}],"about":[{"href":"http:\/\/matk.ee\/index.php\/wp-json\/wp\/v2\/types\/page"}],"author":[{"embeddable":true,"href":"http:\/\/matk.ee\/index.php\/wp-json\/wp\/v2\/users\/1"}],"replies":[{"embeddable":true,"href":"http:\/\/matk.ee\/index.php\/wp-json\/wp\/v2\/comments?post=51"}],"version-history":[{"count":5,"href":"http:\/\/matk.ee\/index.php\/wp-json\/wp\/v2\/pages\/51\/revisions"}],"predecessor-version":[{"id":864,"href":"http:\/\/matk.ee\/index.php\/wp-json\/wp\/v2\/pages\/51\/revisions\/864"}],"wp:attachment":[{"href":"http:\/\/matk.ee\/index.php\/wp-json\/wp\/v2\/media?parent=51"}],"curies":[{"name":"wp","href":"https:\/\/api.w.org\/{rel}","templated":true}]}}